[INFO] fetching crate snarkos-dpc 1.1.4...
[INFO] checking snarkos-dpc-1.1.4 against try#72f88fc4e9458f89516a0b8b0868f3718aec5b47 for pr-74989
[INFO] extracting crate snarkos-dpc 1.1.4 into /workspace/builds/worker-5/source
[INFO] validating manifest of crates.io crate snarkos-dpc 1.1.4 on toolchain 72f88fc4e9458f89516a0b8b0868f3718aec5b47
[INFO] running `Command { std: "/workspace/cargo-home/bin/cargo" "+72f88fc4e9458f89516a0b8b0868f3718aec5b47" "read-manifest" "--manifest-path" "Cargo.toml", kill_on_drop: false }`
[INFO] started tweaking crates.io crate snarkos-dpc 1.1.4
[INFO] finished tweaking crates.io crate snarkos-dpc 1.1.4
[INFO] tweaked toml for crates.io crate snarkos-dpc 1.1.4 written to /workspace/builds/worker-5/source/Cargo.toml
[INFO] running `Command { std: "/workspace/cargo-home/bin/cargo" "+72f88fc4e9458f89516a0b8b0868f3718aec5b47" "generate-lockfile" "--manifest-path" "Cargo.toml" "-Zno-index-update", kill_on_drop: false }`
[INFO] running `Command { std: "/workspace/cargo-home/bin/cargo" "+72f88fc4e9458f89516a0b8b0868f3718aec5b47" "fetch" "--locked" "--manifest-path" "Cargo.toml", kill_on_drop: false }`
[INFO] running `Command { std: "docker" "create" "-v" "/var/lib/crater-agent-workspace/builds/worker-5/target:/opt/rustwide/target:rw,Z" "-v" "/var/lib/crater-agent-workspace/builds/worker-5/source:/opt/rustwide/workdir:ro,Z" "-v" "/var/lib/crater-agent-workspace/cargo-home:/opt/rustwide/cargo-home:ro,Z" "-v" "/var/lib/crater-agent-workspace/rustup-home:/opt/rustwide/rustup-home:ro,Z" "-e" "SOURCE_DIR=/opt/rustwide/workdir" "-e" "CARGO_TARGET_DIR=/opt/rustwide/target" "-e" "CARGO_HOME=/opt/rustwide/cargo-home" "-e" "RUSTUP_HOME=/opt/rustwide/rustup-home" "-w" "/opt/rustwide/workdir" "-m" "1610612736" "--user" "0:0" "--network" "none" "rustops/crates-build-env@sha256:d92eaeed33fa75130ca1ee6c8a01d1ffb62bac859dfdfb3450e3e5d1c0146529" "/opt/rustwide/cargo-home/bin/cargo" "+72f88fc4e9458f89516a0b8b0868f3718aec5b47" "metadata" "--no-deps" "--format-version=1", kill_on_drop: false }`
[INFO] [stderr] WARNING: Your kernel does not support swap limit capabilities or the cgroup is not mounted. Memory limited without swap.
[INFO] [stdout] a8591af9826aff3c01cec8bf2d9d7936236cdaa17e1eca9953158be5e8c90a31
[INFO] running `Command { std: "docker" "start" "-a" "a8591af9826aff3c01cec8bf2d9d7936236cdaa17e1eca9953158be5e8c90a31", kill_on_drop: false }`
[INFO] running `Command { std: "docker" "inspect" "a8591af9826aff3c01cec8bf2d9d7936236cdaa17e1eca9953158be5e8c90a31", kill_on_drop: false }`
[INFO] running `Command { std: "docker" "rm" "-f" "a8591af9826aff3c01cec8bf2d9d7936236cdaa17e1eca9953158be5e8c90a31", kill_on_drop: false }`
[INFO] [stdout] a8591af9826aff3c01cec8bf2d9d7936236cdaa17e1eca9953158be5e8c90a31
[INFO] running `Command { std: "docker" "create" "-v" "/var/lib/crater-agent-workspace/builds/worker-5/target:/opt/rustwide/target:rw,Z" "-v" "/var/lib/crater-agent-workspace/builds/worker-5/source:/opt/rustwide/workdir:ro,Z" "-v" "/var/lib/crater-agent-workspace/cargo-home:/opt/rustwide/cargo-home:ro,Z" "-v" "/var/lib/crater-agent-workspace/rustup-home:/opt/rustwide/rustup-home:ro,Z" "-e" "SOURCE_DIR=/opt/rustwide/workdir" "-e" "CARGO_TARGET_DIR=/opt/rustwide/target" "-e" "CARGO_INCREMENTAL=0" "-e" "RUST_BACKTRACE=full" "-e" "RUSTFLAGS=--cap-lints=forbid" "-e" "CARGO_HOME=/opt/rustwide/cargo-home" "-e" "RUSTUP_HOME=/opt/rustwide/rustup-home" "-w" "/opt/rustwide/workdir" "-m" "1610612736" "--user" "0:0" "--network" "none" "rustops/crates-build-env@sha256:d92eaeed33fa75130ca1ee6c8a01d1ffb62bac859dfdfb3450e3e5d1c0146529" "/opt/rustwide/cargo-home/bin/cargo" "+72f88fc4e9458f89516a0b8b0868f3718aec5b47" "check" "--frozen" "--all" "--all-targets" "--message-format=json", kill_on_drop: false }`
[INFO] [stdout] e5b70e84b1acc8dcff97852d6ba772834f69e1edee21660787d68938a8b0d746
[INFO] [stderr] WARNING: Your kernel does not support swap limit capabilities or the cgroup is not mounted. Memory limited without swap.
[INFO] running `Command { std: "docker" "start" "-a" "e5b70e84b1acc8dcff97852d6ba772834f69e1edee21660787d68938a8b0d746", kill_on_drop: false }`
[INFO] [stderr]    Compiling syn v1.0.40
[INFO] [stderr]     Checking itoa v0.4.6
[INFO] [stderr]    Compiling semver-parser v0.7.0
[INFO] [stderr]     Checking unicode-width v0.1.8
[INFO] [stderr]     Checking strsim v0.8.0
[INFO] [stderr]     Checking ansi_term v0.11.0
[INFO] [stderr]     Checking same-file v1.0.6
[INFO] [stderr]     Checking once_cell v1.4.1
[INFO] [stderr]     Checking half v1.6.0
[INFO] [stderr]     Checking regex-syntax v0.6.18
[INFO] [stderr]     Checking vec_map v0.8.2
[INFO] [stderr]     Checking oorandom v11.1.2
[INFO] [stderr]    Compiling num-traits v0.2.12
[INFO] [stderr]    Compiling num-integer v0.1.43
[INFO] [stderr]     Checking thread_local v1.0.1
[INFO] [stderr]     Checking walkdir v2.3.1
[INFO] [stderr]     Checking memchr v2.3.3
[INFO] [stderr]     Checking bitflags v1.2.1
[INFO] [stderr]     Checking textwrap v0.11.0
[INFO] [stderr]     Checking time v0.1.44
[INFO] [stderr]     Checking atty v0.2.14
[INFO] [stderr]     Checking regex-automata v0.1.9
[INFO] [stderr]    Compiling librocksdb-sys v6.11.4
[INFO] [stderr]    Compiling semver v0.9.0
[INFO] [stderr]     Checking clap v2.33.3
[INFO] [stderr]     Checking aho-corasick v0.7.13
[INFO] [stderr]     Checking csv-core v0.1.10
[INFO] [stderr]    Compiling rustc_version v0.2.3
[INFO] [stderr]    Compiling cast v0.2.3
[INFO] [stderr]     Checking criterion-plot v0.4.3
[INFO] [stderr]     Checking plotters v0.2.15
[INFO] [stderr]     Checking regex v1.3.9
[INFO] [stderr] error: could not compile `syn`.
[INFO] [stderr] 
[INFO] [stderr] Caused by:
[INFO] [stderr]   process didn't exit successfully: `rustc --crate-name syn --edition=2018 /opt/rustwide/cargo-home/registry/src/github.com-1ecc6299db9ec823/syn-1.0.40/src/lib.rs --error-format=json --json=diagnostic-rendered-ansi --crate-type lib --emit=dep-info,metadata,link -C embed-bitcode=no -C debuginfo=2 --cfg 'feature="clone-impls"' --cfg 'feature="default"' --cfg 'feature="derive"' --cfg 'feature="extra-traits"' --cfg 'feature="full"' --cfg 'feature="parsing"' --cfg 'feature="printing"' --cfg 'feature="proc-macro"' --cfg 'feature="quote"' --cfg 'feature="visit"' -C metadata=f4a047898fb68b65 -C extra-filename=-f4a047898fb68b65 --out-dir /opt/rustwide/target/debug/deps -L dependency=/opt/rustwide/target/debug/deps --extern proc_macro2=/opt/rustwide/target/debug/deps/libproc_macro2-108f3aee7922c57f.rmeta --extern quote=/opt/rustwide/target/debug/deps/libquote-c06e2dfd553b1a2c.rmeta --extern unicode_xid=/opt/rustwide/target/debug/deps/libunicode_xid-b13daac5d45350a3.rmeta --cap-lints allow --cap-lints=forbid` (signal: 9, SIGKILL: kill)
[INFO] [stderr] warning: build failed, waiting for other jobs to finish...
[INFO] [stderr] The following warnings were emitted during compilation:
[INFO] [stderr] 
[INFO] [stderr] warning: c++: fatal error: Killed signal terminated program cc1plus
[INFO] [stderr] warning: compilation terminated.
[INFO] [stderr] warning: c++: fatal error: Killed signal terminated program cc1plus
[INFO] [stderr] warning: compilation terminated.
[INFO] [stderr] warning: c++: fatal error: Killed signal terminated program cc1plus
[INFO] [stderr] warning: compilation terminated.
[INFO] [stderr] warning: c++: fatal error: Killed signal terminated program cc1plus
[INFO] [stderr] warning: compilation terminated.
[INFO] [stderr] warning: c++: fatal error: Killed signal terminated program cc1plus
[INFO] [stderr] warning: compilation terminated.
[INFO] [stderr] warning: c++: fatal error: Killed signal terminated program cc1plus
[INFO] [stderr] warning: compilation terminated.
[INFO] [stderr] warning: c++: fatal error: Killed signal terminated program cc1plus
[INFO] [stderr] warning: compilation terminated.
[INFO] [stderr] warning: c++: fatal error: Killed signal terminated program cc1plus
[INFO] [stderr] warning: compilation terminated.
[INFO] [stderr] warning: c++: fatal error: Killed signal terminated program cc1plus
[INFO] [stderr] warning: compilation terminated.
[INFO] [stderr] warning: c++: fatal error: Killed signal terminated program cc1plus
[INFO] [stderr] warning: compilation terminated.
[INFO] [stderr] 
[INFO] [stderr] error: build failed
[INFO] running `Command { std: "docker" "inspect" "e5b70e84b1acc8dcff97852d6ba772834f69e1edee21660787d68938a8b0d746", kill_on_drop: false }`
[INFO] running `Command { std: "docker" "rm" "-f" "e5b70e84b1acc8dcff97852d6ba772834f69e1edee21660787d68938a8b0d746", kill_on_drop: false }`
[INFO] [stdout] e5b70e84b1acc8dcff97852d6ba772834f69e1edee21660787d68938a8b0d746
